- -90?
ca
In base 15, what is -34 - 5159?
-518d
In base 8, what is -400601 + 3?
-400576
In base 14, what is 38c8 - -2?
38ca
In base 15, what is a3 + -1d0?
-12c
In base 7, what is -1530005 + 1?
-1530004
In base 4, what is 11 - 3303121?
-3303110
In base 4, what is -121 + 100332?
100211
In base 12, what is -28202 - 4?
-28206
In base 10, what is 3 + 55001?
55004
In base 4, what is 3 - -223011031?
223011100
In base 6, what is -2 - 3232544?
-3232550
In base 3, what is -1121102 - -112?
-1120220
In base 16, what is 88 + -53e6?
-535e
In base 11, what is 4 + 12650?
12654
In base 16, what is -2a02 - 0?
-2a02
In base 3, what is -2002 + -1020120?
-1022122
In base 14, what is 1722 - b9?
1647
In base 16, what is 2425 + -3e?
23e7
In base 8, what is 17 + 74154?
74173
In base 5, what is 21033321 - 2?
21033314
In base 15, what is -b + 68?
5c
In base 2, what is -111100110001111 - 101?
-111100110010100
In base 11, what is 234a9 - 15?
23494
In base 7, what is 3425 + 663?
4421
In base 16, what is 95 - 31a3?
-310e
In base 13, what is 0 + -5881?
-5881
In base 11, what is 13 + 1018a?
101a2
In base 8, what is -33 + -1176?
-1231
In base 9, what is -2 + -17155?
-17157
In base 6, what is -12425231 + 5?
-12425222
In base 16, what is -838 - -c?
-82c
In base 12, what is -613 - -364?
-26b
In base 15, what is 9 + 49cb2?
49cbb
In base 8, what is 4305136 - 4?
4305132
In base 16, what is 3 + 25c2?
25c5
In base 11, what is -13 - -8399?
8386
In base 4, what is 101101 + -103120?
-2013
In base 8, what is 160 - 41?
117
In base 4, what is 103 + 12020?
12123
In base 7, what is -125 + 11316?
11161
In base 9, what is 1600 - 457?
1132
In base 4, what is 1 - -2302300231?
2302300232
In base 14, what is 163bc + 9?
163c7
In base 4, what is 3 + -31310131?
-31310122
In base 6, what is 12 + 10145045?
10145101
In base 8, what is -4336 - 13?
-4351
In base 8, what is -766 + -773?
-1761
In base 13, what is 44 + -9b4?
-970
In base 6, what is -54 - 2521?
-3015
In base 6, what is 230411 - -4?
230415
In base 4, what is -311 - 22011221?
-22012132
In base 5, what is 3 + -40021?
-40013
In base 13, what is -20 - 1140?
-1160
In base 10, what is -4495526 - 3?
-4495529
In base 13, what is -22651 - 7?
-22658
In base 6, what is 34 - 31242?
-31204
In base 11, what is -47 + -460a?
-4656
In base 14, what is 1cb + 69?
256
In base 6, what is -2213003 - -5?
-2212554
In base 6, what is -1150 + -101?
-1251
In base 6, what is -14 + -415144?
-415202
In base 8, what is 16 + -41677?
-41661
In base 4, what is 202130133 - 2?
202130131
In base 3, what is 1000 - 22021210?
-22020210
In base 6, what is 2144 + 204?
2352
In base 9, what is 5 - -2036346?
2036352
In base 5, what is -11014 - 10333?
-21402
In base 5, what is 20 + 2003001?
2003021
In base 8, what is -25310 + -35?
-25345
In base 11, what is 1440 + 18?
1458
In base 11, what is -2979 - -290?
-2699
In base 7, what is 4 - 420044?
-420040
In base 4, what is -31130213 - 2?
-31130221
In base 4, what is 20100 - -3?
20103
In base 14, what is 1b30 - 3?
1b2b
In base 7, what is 163 + 10?
203
In base 9, what is -37276 + 0?
-37276
In base 7, what is 404632 - -4?
404636
In base 9, what is 237 + -764?
-526
In base 16, what is -a - 2ea3?
-2ead
In base 2, what is 100000110100011 + 111?
100000110101010
In base 12, what is -5 - 448247?
-448250
In base 3, what is 102001222010011 - 12?
102001222002222
In base 6, what is 20 + 310514?
310534
In base 12, what is 122b27 + -b?
122b18
In base 9, what is 61165 - 10?
61155
In base 2, what is -10 + 101110100?
101110010
In base 13, what is -1778 + 18?
-1760
In base 15, what is -a1b + 279?
-792
In base 10, what is 3020 + -20?
3000
In base 5, what is -12 - 101242?
-101304
In base 5, what is -4 - -1121434?
1121430
In base 14, what is 10 + -648?
-638
In base 13, what is 22366 - -3?
22369
In base 14, what is b702 + -6?
b6da
In base 15, what is 5 - 7c7e?
-7c79
In base 14, what is -bdb - -a?
-bd1
In base 4, what is -2200023021 - -2?
-2200023013
In base 15, what is -12c5d4 + 1?
-12c5d3
In base 9, what is -8 + -376364?
-376373
In base 11, what is 4801a4 - 5?
48019a
In base 4, what is 202 - 11003?
-10201
In base 16, what is -7401c6 + -5?
-7401cb
In base 3, what is -22201021010022 + -2?
-22201021010101
In base 6, what is 5 - -233454?
233503
In base 8, what is -25375 - 3?
-25400
In base 4, what is 3111 - 1001330?
-332213
In base 10, what is 11 + -511844?
-511833
In base 5, what is -2 - 244230322?
-244230324
In base 13, what is 22 - -10b3?
1105
In base 9, what is 73321 - -10?
73331
In base 9, what is 78757 - 4?
78753
In base 9, what is 115481 - -5?
115486
In base 6, what is -2 + -414542?
-414544
In base 13, what is 555 + 3c1?
946
In base 9, what is 402 + 6486?
6888
In base 3, what is -100022021 - -21002?
-100001012
In base 9, what is 1 + 1672763?
1672764
In base 4, what is 22 + -1100330?
-1100302
In base 7, what is 15520326 - 3?
15520323
In base 13, what is 120a3 - -65?
12138
In base 2, what is -1010111 - 110110001010111?
-110110010101110
In base 15, what is 21 + -1a90?
-1a6e
In base 2, what is 1101011101111110101 - 10?
1101011101111110011
In base 16, what is 6dbe6 + 4?
6dbea
In base 3, what is -1 + -1102001112220?
-1102001112221
In base 2, what is -101 - -100010001111111?
100010001111010
In base 14, what is -8a + -1b0?
-25a
In base 10, what is 1 + -4173?
-4172
In base 9, what is 25422 - 13?
25408
In base 10, what is 248 - 915?
-667
In base 11, what is -42 + 5444?
5402
In base 10, what is -932 + 146?
-786
In base 7, what is 2002 - -555?
2560
In base 5, what is -21313 - -2?
-21311
In base 12, what is -5 - 270a4?
-270a9
In base 12, what is ab24 - -a?
ab32
In base 5, what is -11333 + -114034?
-130422
In base 12, what is -4189 + 5?
-4184
In base 5, what is 120310 + 42?
120402
In base 16, what is -ef4ec + -8?
-ef4f4
In base 4, what is 221 - -101122?
102003
In base 6, what is 34 + -1031213?
-1031135
In base 10, what is 49432 - -1?
49433
In base 13, what is b03 - -6?
b09
In base 14, what is -1d3d - 136?
-2075
In base 13, what is -48ba8 - 2?
-48baa
In base 16, what is -10 + 174?
164
In base 10, what is 267 + 2998?
3265
In base 3, what is 11212 + -2112101?
-2100112
In base 3, what is 221212122 - -22?
221212221
In base 12, what is -5 - -7a30b?
7a306
In base 9, what is 37 - 1?
36
In base 7, what is 1541033 + 2?
1541035
In base 5, what is -31 + 32302133?
32302102
In base 13, what is b + -6223?
-6215
In base 6, what is -2 - 20303?
-20305
In base 14, what is 53 + 77?
ca
In base 11, what is -9 - -8a647?
8a639
In base 15, what is 1 - ae3?
-ae2
In base 6, what is 522355 + -2?
522353
In base 15, what is 1 + 1a414?
1a415
In base 11, what is -4a5a - 12?
-4a71
In base 14, what is 5 - 16c50?
-16c49
In base 9, what is -430 + -166?
-606
In base 11, what is -603 + 109a?
597
In base 7, what is 1025 + -26?
666
In base 4, what is 2 - 1323220?
-1323212
In base 15, what is -18bb + 6?
-18b5
In base 15, what is 1 - 49e13?
-49e12
In base 16, what is -f5d - 29?
-f86
In base 10, what is 55281 - -2?
55283
In base 9, what is -6 + -824?
-831
In base 16, what is 9 - 3f462?
-3f459
In base 9, what is -15 + -16347?
-16363
In base 6, what is 1254 + -15444?
-14150
In base 7, what is -52265664 - -4?
-52265660
In base 8, what is 1301142 + 5?
1301147
In base 5, what is 1 - 2203300?
-2203244
In base 4, what is -10 + 21102001?
21101331
In base 3, what is -10221012 - 1022?
-10222111
In base 11, what is 30 - -2548?
2578
In base 16, what is -12d + c2?
-6b
In base 12, what is -41388 + 14?
-41374
In base 16, what is -47c8 + 7?
-47c1
In base 15, what is -25 - -8689?
8664
In base 11, what is -4 - -a8a21?
a8a18
In base 6, what is 2 - 41402244?
-41402242
In base 12, what is -8663 + a?
-8655
In base 8, what is -65 - 11260?
-11345
In base 4, what is -210 - -111032?
110222
In base 2, what is -100111100 - 10011000?
-111010100
In base 12, what is -1263 + 80?
-11a3
In base 16, what is 1de6 + -1e?
1dc8
In base 14, what is b45 + 194?
cd9
In base 16, what is 2c + -3e?
-12
In base 2, what is 101 + 111010100110?
111010101011
In base 6, what is -3 - 441222?
-441225
In base 12, what is 161015 + 5?
16101a
In base 4, what is 112310030 + -2?
112310022
In base 11, what is 4 + -3a807?
-3a803
In base 8, what is 42 + 17515?
17557
In base 9, what is -1021874 + 5?
-1021868
In base 5, what is 433 + -111?
322
In base 11, what is 3 + 83115?
83